ve p(-6).
8
Let s(x) = 11 + 19*x - 5*x - 13*x. Calculate s(-8).
3
Let p be 2/(-1 + 6/3). Suppose 4*a = 4*i, i - 6 = -p*a - 0. Let q(o) = o + 3 + a + o**2 - 2*o**2 - 2*o. Calculate q(0).
5
Let o(a) be the third derivative of 0*a - 24*a**2 + 0 - 7/6*a**3 + 1/24*a**4. What is o(7)?
0
Suppose -n = -3*n + 14. Let m(y) = -15*y + n - 7*y + 21*y. Give m(6).
1
Let h(u) = -2*u + 9. Let x = -12 - -12. Let p = 21 - 13. Suppose p*k - 6*k - 12 = x. Calculate h(k).
-3
Let l(h) = -26*h + 1. Let w(k) = -74*k + 3. Let m(i) = 17*l(i) - 6*w(i). Give m(4).
7
Let b = 2447 + -2449. Let z(g) = 7*g**3 + 6*g**2 - 8*g - 6. Let n(p) = -13*p**3 - 11*p**2 + 15*p + 11. Let m(f) = -6*n(f) - 11*z(f). Give m(b).
-4
Let d(k) be the third derivative of 0*k + 1/12*k**4 + 12*k**2 - 1/60*k**5 + 2/3*k**3 + 0. Determine d(3).
1
Let o(t) = 6*t**3 + t**2 + 5*t - 2. Let h(a) = 17*a**3 + 2*a**2 + 14*a - 5. Let u(d) = 4*h(d) - 11*o(d). Suppose 85*b = 92*b - 14. Determine u(b).
8
Let y(t) = 1. Let d(q) = q + 6. Let j(n) = -d(n) + 4*y(n). Determine j(-16).
14
Let w(o) = 7*o + 29. Let j(v) = 3*v + 14. Let m(q) = -5*j(q) + 2*w(q). Calculate m(-10).
-2
Let t(h) = -6*h. Let b be (3 + (0 - -4))*8/(-28). Determine t(b).
12
Let z(b) be the second derivative of -4*b**3/3 + 5*b**2/2 + 70*b + 3. Give z(3).
-19
Let t(g) be the first derivative of -g**3/3 + 9*g**2/2 - 15*g + 142. What is t(8)?
-7
Let z(n) = n**3 + 6*n**2 + n - 2. Suppose 15*x = -13*x - 168. Determine z(x).
-8
Let q(d) = 2*d - 1. Let n(k) = 3*k + 1. Let i(y) = 4*n(y) - 5*q(y). Suppose -4*f - c - 31 = 0, -c = 3*f + c + 22. Determine i(f).
-7
Let o(b) = -b - 2. Suppose 0 = 8*n - 3*n + 5. Let l be (-15)/(-9) + n/(-3). What is o(l)?
-4
Suppose 226 = 24*k + 10. Let i(p) = -p**3 + 8*p**2 + 9*p - 8. What is i(k)?
-8
Let g(d) be the third derivative of d**4/24 + 17*d**3/6 - 172*d**2 + 2. Determine g(-14).
3
Let g(y) = 2*y. Let j(a) = 7*a + 2. Let c(p) = -6*g(p) + j(p). Determine c(3).
-13
Let n(y) = 4*y - 97. Let c be n(23). Let g(v) be the first derivative of -1/2*v**2 - 2*v - 1. Give g(c).
3
Let l(p) = p**3 + 4*p**2 - p + 13. Let s be l(-4). Let n = s - 25. Let i(x) = -x**2 - 8*x - 1. Calculate i(n).
-1
Let o(p) = p**2 - 217 + 15*p + 225 - 17*p. Give o(7).
43
Let g(y) = y**3 - 10*y**2 + 11*y - 10. Let w be g(9). Let b = w + -3. Let p(d) be the second derivative of -d**3/3 + d**2 - d. Calculate p(b).
-8
Let z(r) = r + 1. Suppose 0 = 4*v - 4*l - 116, 4*l + 51 = 5*v - 91. Let n = 21 - v. Let a(u) = -u**3 - 6*u**2 - 5*u. Let y be a(n). Determine z(y).
1
Let k(n) be the second derivative of -n**3/3 + n**2 - 6*n + 5. What is k(3)?
-4
Let i(b) be the third derivative of b**7/840 + b**6/40 - b**5/120 - 3*b**4/8 - 4*b**3 + 3*b**2 - 6. Let f(p) be the first derivative of i(p). Give f(-9).
0
Suppose -2*s + 6 = -s + l, -4*l = 5*s - 32. Let m(y) = y - 3. Give m(s).
5
Let j = 39 + -31. Let k(f) = 0 + 1 + 6*f - j*f. Give k(3).
-5
Let f(x) = 18*x + 18. Let n(l) = 16*l + 14. Let b(h) = 3*f(h) - 4*n(h). Determine b(2).
-22
Let g(a) = 4*a**3 + a**2 - 1. Suppose 4*k + 5*p + 0*p = -21, 2*p = -4*k - 6. Let b be g(k). Let t(q) = 22*q**2 - q**3 - 2 - 3*q - 3 - 17*q**2. What is t(b)?
-1
Suppose 3*f - 21 - 4 = -5*m, 0 = 2*m - 5*f + 21. Let w(q) = -19*q**2 + 3 + 5*q**m + 12*q**2. Let p be ((-6)/4 + 0)*2. Calculate w(p).
-15
Let a(r) = 31. Let v(i) = i + 63. Let w(d) = -5*a(d) + 2*v(d). Let k be w(12). Let g(c) = 0*c**2 + 6 + 4*c + c**2 + 0*c. Determine g(k).
11
Let k(i) = -i**2 + 11*i - 12. Let h(m) = 9*m**2 + 57*m - 56. Let o be h(1). Calculate k(o).
-2
Let w be 20/6*(-12)/(-5). Suppose -3 = 3*y + 3*s, 5*y + 2*s = -2*s - 4. Suppose y*h + w = h. Let k(r) = r**2 - 6*r - 10. Calculate k(h).
6
Let r(d) be the second derivative of -d**3/2 - d**2 + 69*d. Let k be 0/(0 + 0 + -1). Suppose -2*c + c + 2 = k. Determine r(c).
-8
Let q = -3 - -8. Let v(y) = 6*y + y**2 + 0*y**2 + q - 2 + 0. What is v(-6)?
3
Let g(l) be the second derivative of -l**5/6 + l**4/12 - l**3/6 + 7*l**2 + 19*l. Let x(m) be the first derivative of g(m). Let u = -1 + 2. Give x(u).
-9
Let d = -13 - -7. Let s(x) be the third derivative of -x**5/60 - 5*x**4/24 + 4*x**3/3 - 109*x**2. What is s(d)?
2
Let u be 8/(-6)*21/(-14). Let g(k) = -k**u - 4 - 5*k - 1 + 4. Let j(l) = -l**3 + 3*l**2 - 4. Let s be j(3). What is g(s)?
3
Let s(i) = i**3 + 2*i**2 - 2*i - 2. Let r be s(-2). Let w(y) = -9 - 19 + 25 - y**r - 7*y. Suppose 0 = -5*t + 4*p - 5, 4 = -2*t - 3*p - 21. Give w(t).
7
Let j(o) = -3*o**2 - 2 + 2*o**2 + 5*o**2 + 2*o + 4*o - 3*o**2. What is j(-2)?
-10
Let q(n) = -2*n + 2 + 2 + 2. Let h = 974 + -969. Calculate q(h).
-4
Let p = -9 - 2. Let y = p - -31. Suppose -5*j = -j + y. Let a(b) = 2*b + 5. Determine a(j).
-5
Let j(w) = -w**2 + 5*w + 8. Let k = -77 - -184. Let q = 114 - k. Determine j(q).
-6
Let z(r) = r**2 - 12*r - 6. Let i be z(12). Let j = -3 - i. Let b(d) = -4 + 6*d**2 + j + 12*d**3 - 13*d**3 - 3 + d. Determine b(6).
2
Let j(p) = p**2 + 2*p - 5. Let t = -247 - -242. Determine j(t).
10
Let v(k) = -1. Let z(f) = 3*f - 16. Let y(t) = 4*v(t) + z(t). Determine y(6).
-2
Suppose 0 = -r - 0*v - v - 4, v = -2*r - 3. Suppose -5*j = -0*j - 10. Suppose -15 = -j*k + r. Let s(p) = -p**3 + 8*p**2 - 8. Determine s(k).
-8
Let p(g) = 2*g + 2. Suppose 58 = 4*f + 3*i - 8, -2*f + 24 = -3*i. Let l = 13 - f. Let o(w) = -w**2 - w - 1. Let y be o(l). Give p(y).
-4
Let b(u) = -u**3 + 9*u**2 - 14*u + 1. Let i be b(7). Let m(j) = 7*j**3 - 2*j**2 + j. Calculate m(i).
6
Let j(u) = -1 + 134*u**2 + 90*u**2 - 223*u**2 + 3. Let h(c) = -c + 5. Let x be h(5). Suppose 2*v = -x*v. Calculate j(v).
2
Let r(q) be the second derivative of -1/20*q**5 + 14*q + 3*q**2 - 1/4*q**4 + 0 + 5/6*q**3. Determine r(-4).
2
Let p(z) be the first derivative of -1/2*z**2 + 8 - 2*z. Determine p(-8).
6
Let a(j) be the third derivative of -1/8*j**4 + 4*j**2 - 1/60*j**5 + 5/6*j**3 + 0*j + 0. Determine a(-5).
-5
Let p(n) = -n**3 - 4*n**2 - n + 3. Let u(w) = 6*w**2 + 47*w - 11. Let t be u(-8). Determine p(t).
-3
Let i(p) = p**2 + 9*p - 56. Let u(t) = 3*t**2 + 27*t - 165. Let d(g) = 17*i(g) - 6*u(g). What is d(-12)?
2
Let b(y) = 2*y + 0*y + 1 - 5*y. Let q(w) = -2*w + 3. Let t be q(-9). Suppose 24*s - t*s = -12. Determine b(s).
13
Let b(m) = -12*m - 9*m + 8*m - 4 + m**2. Let h be b(13). Let r(t) = t**2 - t - 1. Let j(d) = -4*d**2 + 8*d. Let z(f) = j(f) + 5*r(f). What is z(h)?
-1
Let c(q) = -q**3 + q**2 + 2*q - 2. Let z(x) = 6 + 0*x - 3*x - 5 + 5*x. Let t be z(1). Determine c(t).
-14
Let j(g) = -g**2 + 3*g. Let k(q) = 4*q - 6. Let x(m) = j(m) + k(m). Let b = 7 + 0. Determine x(b).
-6
Let z(g) be the third derivative of g**4/12 - g**3/3 + 2*g**2. Let f be z(3). Let s(i) be the second derivative of -i**4/12 + i**3/3 + i**2 - 76*i. Give s(f).
-6
Let a(c) be the second derivative of c**5/20 - 11*c**4/12 + 4*c**3/3 + 23*c**2/2 + 5*c + 5. Give a(10).
3
Suppose c - 3*d = -2*c - 6, -10 = 5*c + 4*d. Let k be (1 + (-1 - 1))*c. Let q(g) = 2*g**2 - 6*g + 2*g**k - g**2 - 6 - 2*g**2. What is q(6)?
-6
Let g(t) = -t**3 + 3*t**2 - 7*t + 3. Let v(d) = -d**2 - 2*d. Let i(p) = g(p) - 4*v(p). Suppose -29 + 15 = -2*r. Determine i(r).
10
Let h(q) = q - 3. Suppose -4*d = -d - 5*t - 20, -4*t = 2*d - 6. Let k(v) = 2*v + 2. Let b be k(d). Let u = 9 - b. Determine h(u).
-6
Let t(v) = 6*v + 4. Let x(h) = -7*h - 8. Let m(k) = 6*t(k) + 5*x(k). Give m(15).
-1
Let h(o) = -2*o - 8*o - o**2 - 5*o + 10*o - 6 - 5*o. Give h(-8).
10
Suppose 0*v - v = -4. Suppose 0 = 2*b + 5*d - 19 + 2, 0 = -b + v*d + 2. Let j(u) = -u**3 + 4*u**2 + 8*u + 1. Give j(b).
-23
Suppose 2 = 2*a - w, 4*a - 6*a - w - 2 = 0. Suppose -c - 4*c + 15 = a. Let p(t) be the third derivative of -t**4/24 + 2*t**3/3 + 50*t**2. What is p(c)?
1
Let z(w) = -2*w + 6. Let t(x) = x - 4. Let a(i) = t(i) + z(i). Let d be (-2)/(-5) + (-48)/(-5). Let l = d + -7. What is a(l)?
-1
Let t be (-1 + 2/6)*225/(-150). Let z(p) = -7*p**3 + 2*p - 1. Determine z(t).
-6
Let b(m) = -23*m - 1. Suppose -o - 3*o - 5*i - 24 = 0, i + 9 = -5*o. Determine b(o).
22
Let r(i) be the first derivative of -i**3/3 + i**2 - 5*i - 551. Determine r(4).
-13
Let b be ((-18)/27)/(1/(-3)). Let d(t) = 6 - 3 + 2*t + t**b - 4. What is d(-3)?
2
Let o(y) = 2*y + 9 - 2 + 10. Determine o(-6).
5
Let h = 264 + -263. Let a(b) = -b**2 + 2*b - 1. What is a(h)?
0
Let w = -22 + 16. Let g(d) be the th